{"id":7820,"date":"2024-11-14T15:00:26","date_gmt":"2024-11-14T20:00:26","guid":{"rendered":"https:\/\/wellesleyps.org\/whs\/?page_id=7820"},"modified":"2024-11-14T15:00:27","modified_gmt":"2024-11-14T20:00:27","slug":"vietnamese","status":"publish","type":"page","link":"https:\/\/wellesleyps.org\/whs\/mission-statement\/vietnamese\/","title":{"rendered":"Tuy\u00ean b\u1ed1 s\u1ee9 m\u1ec7nh"},"content":{"rendered":"\n<p>Ch\u00fang t\u00f4i trau d\u1ed3i kinh nghi\u1ec7m h\u1ecdc t\u1eadp t\u00edch c\u1ef1c v\u00e0 nu\u00f4i d\u01b0\u1ee1ng tinh th\u1ea7n tr\u00e1ch nhi\u1ec7m v\u00e0 t\u00ednh ch\u00ednh tr\u1ef1c \u0111\u1ec3 khi r\u1eddi Tr\u01b0\u1eddng Trung h\u1ecdc Wellesley, h\u1ecdc sinh c\u1ee7a ch\u00fang t\u00f4i s\u1ebd ti\u1ebfp t\u1ee5c \u0111\u00f3ng g\u00f3p cho th\u1ebf gi\u1edbi c\u1ee7a c\u00e1c em.<\/p>\n\n\n\n<p>Tr\u01b0\u1eddng Trung h\u1ecdc Wellesley l\u00e0 m\u1ed9t c\u1ed9ng \u0111\u1ed3ng n\u0103ng \u0111\u1ed9ng \u0111\u01b0\u1ee3c h\u01b0\u1edbng d\u1eabn b\u1edfi nh\u1eefng gi\u00e1 tr\u1ecb sau:<\/p>\n\n\n\n<ul class=\"wp-block-list\">\n<li>H\u1ecdc t\u1eadp xu\u1ea5t s\u1eafc<\/li>\n\n\n\n<li>M\u1ed1i quan h\u1ec7 h\u1ee3p t\u00e1c v\u00e0 quan t\u00e2m<\/li>\n\n\n\n<li>T\u00f4n tr\u1ecdng s\u1ef1 kh\u00e1c bi\u1ec7t c\u1ee7a con ng\u01b0\u1eddi<\/li>\n\n\n\n<li>Cam k\u1ebft v\u1edbi c\u1ed9ng \u0111\u1ed3ng<\/li>\n<\/ul>\n\n\n\n<h4 class=\"wp-block-heading\">K\u1ef3 v\u1ecdng h\u1ecdc t\u1eadp:<\/h4>\n\n\n\n<p><em>M\u1ee5c ti\u00eau c\u1ee7a ch\u00fang t\u00f4i l\u00e0 h\u1ecdc sinh Tr\u01b0\u1eddng Trung h\u1ecdc Wellesley s\u1ebd:<\/em><\/p>\n\n\n\n<ul class=\"wp-block-list\">\n<li>vi\u1ebft hi\u1ec7u qu\u1ea3 cho nhi\u1ec1u m\u1ee5c \u0111\u00edch kh\u00e1c nhau<\/li>\n\n\n\n<li>\u0111\u1ecdc t\u00edch c\u1ef1c v\u00e0 c\u00f3 ph\u00ea ph\u00e1n trong ch\u01b0\u01a1ng tr\u00ecnh gi\u1ea3ng d\u1ea1y cho nhi\u1ec1u m\u1ee5c \u0111\u00edch kh\u00e1c nhau<\/li>\n\n\n\n<li>n\u00f3i t\u1ed1t trong c\u00e1c m\u00f4i tr\u01b0\u1eddng kh\u00e1c nhau<\/li>\n\n\n\n<li>th\u1ec3 hi\u1ec7n \u00fd t\u01b0\u1edfng m\u1ed9t c\u00e1ch s\u00e1ng t\u1ea1o trong ch\u01b0\u01a1ng tr\u00ecnh gi\u1ea3ng d\u1ea1y<\/li>\n\n\n\n<li>\u00e1p d\u1ee5ng l\u00fd lu\u1eadn v\u00e0 gi\u1ea3i quy\u1ebft v\u1ea5n \u0111\u1ec1 trong t\u1ea5t c\u1ea3 c\u00e1c l\u1edbp<\/li>\n\n\n\n<li>s\u1eed d\u1ee5ng c\u00f4ng ngh\u1ec7 t\u1ed1t v\u00e0 c\u00f3 tr\u00e1ch nhi\u1ec7m cho nhi\u1ec1u m\u1ee5c \u0111\u00edch kh\u00e1c nhau<\/li>\n\n\n\n<li>th\u1ef1c hi\u1ec7n c\u00e1c k\u1ef9 n\u0103ng th\u1ec3 ch\u1ea5t v\u00e0 ngh\u1ec7 thu\u1eadt<\/li>\n\n\n\n<li>x\u00e1c \u0111\u1ecbnh, \u0111\u00e1nh gi\u00e1 v\u00e0 s\u1eed d\u1ee5ng nhi\u1ec1u ngu\u1ed3n l\u1ef1c kh\u00e1c nhau \u0111\u1ec3 thu th\u1eadp th\u00f4ng tin<\/li>\n<\/ul>\n\n\n\n<p><em>Tr\u01b0\u1eddng Trung h\u1ecdc Wellesley khuy\u1ebfn kh\u00edch c\u1ed9ng \u0111\u1ed3ng c\u1ee7a ch\u00fang ta nh\u1eadn ra gi\u00e1 tr\u1ecb c\u1ee7a vi\u1ec7c h\u1ecdc v\u00ec m\u1ee5c \u0111\u00edch h\u1ecdc t\u1eadp.<\/em><\/p>\n\n\n\n<h4 class=\"wp-block-heading\">K\u1ef3 v\u1ecdng x\u00e3 h\u1ed9i:<\/h4>\n\n\n\n<p><em>M\u1ee5c ti\u00eau c\u1ee7a ch\u00fang t\u00f4i l\u00e0 c\u00e1c th\u00e0nh vi\u00ean c\u1ed9ng \u0111\u1ed3ng Tr\u01b0\u1eddng Trung h\u1ecdc Wellesley s\u1ebd:<\/em><\/p>\n\n\n\n<ul class=\"wp-block-list\">\n<li>\u0111\u00f3ng g\u00f3p v\u00e0o h\u1ea1nh ph\u00fac v\u00e0 ph\u00fac l\u1ee3i c\u1ee7a nh\u1eefng ng\u01b0\u1eddi kh\u00e1c trong c\u1ed9ng \u0111\u1ed3ng nh\u00e0 tr\u01b0\u1eddng<\/li>\n\n\n\n<li>ch\u1ecbu tr\u00e1ch nhi\u1ec7m v\u1ec1 quy\u1ebft \u0111\u1ecbnh v\u00e0 h\u00e0nh vi c\u1ee7a m\u00ecnh<\/li>\n\n\n\n<li>th\u1ec3 hi\u1ec7n s\u1ef1 s\u1eb5n s\u00e0ng gi\u1ea3i quy\u1ebft xung \u0111\u1ed9t m\u1ed9t c\u00e1ch c\u00f3 tr\u00e1ch nhi\u1ec7m<\/li>\n\n\n\n<li>t\u00f4n tr\u1ecdng m\u1ecdi ng\u01b0\u1eddi<\/li>\n<\/ul>\n\n\n\n<h4 class=\"wp-block-heading\">K\u1ef3 v\u1ecdng c\u00f4ng d\u00e2n:<\/h4>\n\n\n\n<p><em>M\u1ee5c ti\u00eau c\u1ee7a ch\u00fang t\u00f4i l\u00e0 c\u00e1c th\u00e0nh vi\u00ean c\u1ed9ng \u0111\u1ed3ng Tr\u01b0\u1eddng Trung h\u1ecdc Wellesley s\u1ebd:<\/em><\/p>\n\n\n\n<ul class=\"wp-block-list\">\n<li>c\u00f3 m\u1ed1i quan h\u1ec7 t\u00f4n tr\u1ecdng v\u00e0 hi\u1ec7u qu\u1ea3 gi\u1eefa c\u1ed9ng \u0111\u1ed3ng Tr\u01b0\u1eddng Trung h\u1ecdc Wellesley v\u00e0 c\u1ed9ng \u0111\u1ed3ng n\u00f3i chung<\/li>\n\n\n\n<li>th\u1ef1c hi\u1ec7n c\u00e1c quy\u1ec1n v\u00e0 tr\u00e1ch nhi\u1ec7m c\u1ee7a m\u00ecnh trong m\u1ed9t x\u00e3 h\u1ed9i d\u00e2n ch\u1ee7<\/li>\n<\/ul>\n\n\n\n<p><em>\u0110\u01b0\u1ee3c th\u00f4ng qua v\u00e0o th\u00e1ng 10 n\u0103m 2006<\/em><\/p>\n\n\n\n<hr class=\"wp-block-separator has-alpha-channel-opacity\"\/>\n\n\n\n<div class=\"wp-block-columns is-layout-flex wp-container-core-columns-is-layout-28f84493 wp-block-columns-is-layout-flex\">\n<div class=\"wp-block-column is-layout-flow wp-block-column-is-layout-flow\" style=\"flex-basis:10%\">\n<figure class=\"wp-block-image size-large is-resized\"><img decoding=\"async\" src=\"https:\/\/wellesleyps.org\/wp-content\/uploads\/2021\/03\/512px-WPS_Translate_logo.png\" alt=\"Translation Icon\" class=\"wp-image-8231\" style=\"width:75px;height:75px\"\/><\/figure>\n<\/div>\n\n\n\n<div class=\"wp-block-column is-layout-flow wp-block-column-is-layout-flow\" style=\"flex-basis:90%\">\n<p class=\"has-text-align-center\">This document was translated with pride by WPS volunteer students and edited by volunteer parents as a service to our community.\u00a0 If you have comments, compliments, or would like to contribute, please contact us at <a href=\"https:\/\/wellesleyps.org\/whs\/staff-directory\/name\/devon-ellis\/\" title=\"Devon Ellis\">Devon Ellis<\/a>.<\/p>\n\n\n\n<p class=\"has-text-align-center\"><a href=\"https:\/\/wellesleyps.org\/whs\/students\/complete-list-of-clubs\/name\/translation-club\/\">WHS Translation Club<\/a><\/p>\n<\/div>\n<\/div>\n","protected":false},"excerpt":{"rendered":"<p>Ch\u00fang t\u00f4i trau d\u1ed3i kinh nghi\u1ec7m h\u1ecdc t\u1eadp t\u00edch c\u1ef1c v\u00e0 nu\u00f4i d\u01b0\u1ee1ng tinh th\u1ea7n tr\u00e1ch nhi\u1ec7m v\u00e0 t\u00ednh ch\u00ednh tr\u1ef1c \u0111\u1ec3 khi r\u1eddi Tr\u01b0\u1eddng Trung h\u1ecdc Wellesley, h\u1ecdc sinh c\u1ee7a ch\u00fang t\u00f4i s\u1ebd ti\u1ebfp t\u1ee5c \u0111\u00f3ng g\u00f3p cho th\u1ebf&hellip; <a class=\"continue\" href=\"https:\/\/wellesleyps.org\/whs\/mission-statement\/vietnamese\/\">Continue reading <span> Tuy\u00ean b\u1ed1 s\u1ee9 m\u1ec7nh<\/span><\/a><\/p>\n","protected":false},"author":5,"featured_media":0,"parent":618,"menu_order":7,"comment_status":"closed","ping_status":"closed","template":"","meta":{"_cbd_carousel_blocks":"[]","_monsterinsights_skip_tracking":false,"_monsterinsights_sitenote_active":false,"_monsterinsights_sitenote_note":"","_monsterinsights_sitenote_category":0,"footnotes":""},"class_list":["post-7820","page","type-page","status-publish","hentry","","tg-column-two"],"aioseo_notices":[],"publishpress_future_action":{"enabled":false,"date":"2026-05-10 01:24:10","action":"change-status","newStatus":"draft","terms":[],"taxonomy":"","extraData":[]},"publishpress_future_workflow_manual_trigger":{"enabledWorkflows":[]},"_links":{"self":[{"href":"https:\/\/wellesleyps.org\/whs\/wp-json\/wp\/v2\/pages\/7820","targetHints":{"allow":["GET"]}}],"collection":[{"href":"https:\/\/wellesleyps.org\/whs\/wp-json\/wp\/v2\/pages"}],"about":[{"href":"https:\/\/wellesleyps.org\/whs\/wp-json\/wp\/v2\/types\/page"}],"author":[{"embeddable":true,"href":"https:\/\/wellesleyps.org\/whs\/wp-json\/wp\/v2\/users\/5"}],"replies":[{"embeddable":true,"href":"https:\/\/wellesleyps.org\/whs\/wp-json\/wp\/v2\/comments?post=7820"}],"version-history":[{"count":1,"href":"https:\/\/wellesleyps.org\/whs\/wp-json\/wp\/v2\/pages\/7820\/revisions"}],"predecessor-version":[{"id":7821,"href":"https:\/\/wellesleyps.org\/whs\/wp-json\/wp\/v2\/pages\/7820\/revisions\/7821"}],"up":[{"embeddable":true,"href":"https:\/\/wellesleyps.org\/whs\/wp-json\/wp\/v2\/pages\/618"}],"wp:attachment":[{"href":"https:\/\/wellesleyps.org\/whs\/wp-json\/wp\/v2\/media?parent=7820"}],"curies":[{"name":"wp","href":"https:\/\/api.w.org\/{rel}","templated":true}]}}